 4*d + 2*n + 126 = 0, d - 5*n - 29 = k. What are the prime factors of d?
2, 11
Let s = -203 - -295. What are the prime factors of s + 0 + -3 + 3?
2, 23
Let x be 1/((-4)/(-24) + 0). Suppose 3*u = -2*r - 24, 2*r + 38 - x = -5*u. List the prime factors of (r/(-12))/((-1)/(-36)).
2, 3
What are the prime factors of ((-641340)/735)/((-3)/(21/2))?
2, 3, 509
Suppose -4*j - 7*v + 2612 = -11*v, -5*j - 5*v = -3315. Let h = j - 465. List the prime factors of h.
193
Let o(t) = t - 4. Let m be o(3). Let b be (5 + -10)*(m - 0). Suppose -4*l = -b*z - 80, -3*l + 4*z + 61 = -0*z. What are the prime factors of l?
3, 5
Suppose -c + 98 = 91. Suppose c*p + 54 = 362. List the prime factors of p.
2, 11
Let h(b) = -2*b**2 + 117*b - 53. What are the prime factors of h(23)?
2, 5, 79
Let q(j) = 19*j**2 - 7*j - 48. Let n be q(-4). Suppose 4*l = 4*v + 1248, v - n - 939 = -4*l. List the prime factors of l.
307
List the prime factors of ((-281916)/328)/((-3)/8).
2, 3, 191
Let f(b) = -b**3 - 17*b**2 - 31*b - 15. Let d be f(-15). Suppose 3*o + 96 = 4*m - o, d = -2*m - 4*o + 60. What are the prime factors of m?
2, 13
Let c(m) be the second derivative of -m**5/20 + m**4/2 + m**3 + 7*m**2/2 + 6*m - 2. List the prime factors of c(5).
2, 31
Let y = 264 - 185. Let k = y + -36. What are the prime factors of k?
43
Let l(t) = t + 25. Let o be l(15). Let n = o + -22. Suppose 0 = 3*s - 4*z - n, -5*s = 5*z - 38 - 27. List the prime factors of s.
2, 5
Suppose -10 = -5*q, -5*y + q - 1238 = -9*y. Suppose -22 + y = 4*k - s, 2*k + 2*s = 156. List the prime factors of k.
73
Suppose -586 = -c - 5*m, 4*c - 3*c = 4*m + 631. List the prime factors of c.
13, 47
Let c be 2/1 - (0 + (-2 - -2)). Suppose 32 = 2*f + s, 1 + 15 = c*f + 5*s. What are the prime factors of f?
2, 3
Let i be ((-12)/21)/((-10)/35). Suppose -i*j - 238 = -736. List the prime factors of j.
3, 83
Let m be 2/((-2)/1 + 4). Suppose 0 = h + m, 3*h + 925 = 5*g + 8*h. List the prime factors of g.
2, 3, 31
Let k = 3187 - 2165. List the prime factors of k.
2, 7, 73
Let q be -2*(-4 - 13/(-2)). Let x(f) = -f**3 - 2*f**2 - 2*f + 6. List the prime factors of x(q).
7, 13
Suppose 0 = -76*j + 29*j + 60865. List the prime factors of j.
5, 7, 37
Let s(r) = -13*r**2 - 5*r - 9. Let u be s(-5). What are the prime factors of u/(-5) - (-20)/(-25)?
61
Let g = 6 + 19. Suppose 12*x - g = 17*x. Let o(m) = m**2 + m - 2. List the prime factors of o(x).
2, 3
Let l be (-6)/(-9) + (-280)/(-21). Suppose l*s + 240 = y + 13*s, -2*s = 4*y - 978. List the prime factors of y.
3
Suppose 2*h - 1699 = -r + 1291, 4*h - 5996 = 2*r. What are the prime factors of h?
3, 499
Let y be 39 + 2 + -3 + -2. Suppose 0*n + y = 4*n. Let k(c) = -c**3 + 8*c**2 + 10*c + 6. List the prime factors of k(n).
3, 5
Suppose 3*p - 4*t = -9, 5*p + 2*t + 0 = 11. Let j be (-2 + 3 - 4)*p. What are the prime factors of (-59)/j - (-2)/(-3)?
19
Let h(a) = -4*a**3 + 26*a**2 - a + 7. Let f(w) = -w**3 + w**2 - w + 1. Let z(j) = -3*f(j) + h(j). List the prime factors of z(23).
2, 5
Let b = 16978 + -10590. What are the prime factors of b?
2, 1597
Suppose 6*r = 4*r + 4. Let o be 265 - (r - 2)/(-2). What are the prime factors of o/4 - 7/28?
2, 3, 11
Let o be (-1)/(0 - (-2)/(-18)). Let i = o + -4. Suppose 0 = 5*w + i*l - 70, l + l + 52 = 3*w. List the prime factors of w.
2
Let t(q) = -q**3 - 14*q**2 - 11*q + 28. Let u be t(-13). Suppose 324 = 5*y - u*y. List the prime factors of y.
2, 3
Let c be 1/(-3) + 183/9. Suppose -w - 46 = -5*h, -7*w + 2*w + c = 0. Let s = h + -4. What are the prime factors of s?
2, 3
Let t(a) = -79*a - 560. What are the prime factors of t(-26)?
2, 3, 83
Let w = -7 + -83. Let a be (14/6)/(3/w). Let d = a - -102. What are the prime factors of d?
2
Let c(f) = -f**2 - 11*f + 1. Let v be c(-11). Let z be (-454)/(-6) - v/(-3). Let n = z - 47. List the prime factors of n.
29
Suppose 0 = -0*r - r + 836. What are the prime factors of r?
2, 11, 19
Suppose -15 = -5*z - 0. Suppose -d - 5*x + 4 = 0, -5*d = -z*x - 0*x - 20. Suppose -d*s + 1 = -19, -5*u - s + 25 = 0. List the prime factors of u.
2
Let k be 207/(-4) + (-6 - (-23)/4). List the prime factors of 321/4 + 13/k.
2, 5
Suppose 0 = -t - 0*t - 1, -t = -4*b + 2941. List the prime factors of b.
3, 5, 7
Suppose 0 = 3*j - 9, 5*j = 4*k + 2 + 1. Let h(y) = 3*y**2 + 2 + 0*y**2 + 18*y - 19*y - y**3 + k*y**2. List the prime factors of h(5).
2, 11
Suppose -4*n - 39 = -5*n. Suppose 0 = -3*u + 2*w + n, 0 = 3*u - 2*u - 3*w - 6. What are the prime factors of (21/u)/(2/10)?
7
Let p be 2/(-6) + 8/6. Suppose -7 = -5*g - 3*m, -5*g - 2*m + 9 = p. List the prime factors of g/3 - 348/(-18).
2, 5
Let p(w) = 4*w + 2. Let s be p(-3). Let t = s + 18. List the prime factors of t.
2
Suppose -5*y = -3*j - 378, -4*y + 391 - 96 = 5*j. Suppose -74*d + y*d - 165 = 0. List the prime factors of d.
3, 5, 11
What are the prime factors of 26/39 + 131742/27?
2, 5, 61
Let m(q) = -q**3 + 7*q**2 - 8*q + 7. Let h be -4 - (0 - 1 - 8). What are the prime factors of m(h)?
17
Let i = 1917 + -614. List the prime factors of i.
1303
Let o(a) = 41*a + 16. What are the prime factors of o(14)?
2, 5, 59
Let s be -26*((-11)/2 + 5). Let i(n) = -n**3 + 13*n**2 + 16*n - 4. List the prime factors of i(s).
2, 3, 17
Let r(o) = -o**3 + o + 1. Let q(b) = -5*b**3 + b**2 + 6*b + 5. Let t(u) = 2*q(u) - 11*r(u). Suppose 8 = 2*m + 4. List the prime factors of t(m).
17
Let m(t) = -7 - 2*t + 10*t**2 - 8*t**2 - 4*t**2 + 2. Let p be m(-7). What are the prime factors of (-1)/2 - p/2?
2, 11
Let q = 50 - 52. Suppose 0 = 3*l - 5*m - 50, -58 = -5*l + m + m. What are the prime factors of l + q + (-6)/2?
5
Let a = 47 + -45. Suppose 0 = a*g - 5*p - 334, 5*g - 858 = p - 0*p. What are the prime factors of g?
2, 43
Suppose 0 = 2*o - 16 + 6. Suppose -l = -o*l + 16. List the prime factors of 1/(5 - l)*56.
2, 7
Let b(l) = -l**2 + 10*l + 2. Let a = 5 + -9. Let n(v) = -3*v**2 + 29*v + 5. Let i(x) = a*n(x) + 11*b(x). List the prime factors of i(6).
2
Suppose -15 + 3 = -4*x. Let y be x/4 - 63/(-28). Suppose y*i = -4*t + 34, 2*t + 12 = 3*t - i. What are the prime factors of t?
2, 5
Suppose -4*p - 5*z + 241 = -314, 1 = -z. Let y = 6 + -3. Suppose y*o - p = -o. List the prime factors of o.
5, 7
Let r(n) = -18*n**3 - 3*n**2 + 2*n + 6. List the prime factors of r(-4).
2, 19, 29
Let r be (-38 - -41) + (-1 + 0 - 2). Suppose r = -2*h - 16 + 136. What are the prime factors of h?
2, 3, 5
Let d(i) = -i + 27. Let v(m) = m - 27. Let w(y) = -3*d(y) - 4*v(y). What are the prime factors of w(-8)?
5, 7
Let c(j) = -5*j + 9. Let l be c(-7). List the prime factors of (33/(-1))/((-33)/l).
2, 11
Let k(i) = -15*i - 6. Let g be k(5). Let r be (274 + -14)/(-13)*1*2. Let t = r - g. What are the prime factors of t?
41
Suppose h = 4*h - 6. Suppose -b = -h*b + 8. Suppose 0 = -z + 36 + b. List the prime factors of z.
2, 11
Let r(v) = v**2 - 15*v + 36. Let z be r(11). Let q = 40 - z. What are the prime factors of q?
2, 3
Let i(w) = -w**3 + 5*w**2 + 7*w - 8. Let d be i(6). What are the prime factors of (3/2 + 1/d)*223?
223
Suppose -5*u + 0*q + 5*q = 0, 4*u + 3*q - 28 = 0. Suppose -v + 12 = -u*v. List the prime factors of (33/(-6))/(2/v).
11
Let b be (166/8)/((-3)/(-12)). Let z = b + -117. Let a = -6 - z. What are the prime factors of a?
2, 7
Let p = -25 + 29. List the prime factors of p/(-18) + (-465)/(-27).
17
Let q be 1 + 14 + 0/1. Suppose 21 = 4*g - 5*u - q, 8 = g - u. Let s(o) = -o**3 + 6*o**2 + o - 7. List the prime factors of s(g).
29
Let l(o) = -3*o**2 + 6*o - 2. Let c(b) = b**3 + 2*b + 2. Let n be c(0). Let m be l(n). List the prime factors of m/((-4)/280*4).
5, 7
Suppose -675*q + 653*q + 6908 = 0. What are the prime factors of q?
2, 157
Suppose 0 = 5*o - 15, 3*o - 147 = 5*a - 33. Let l = a - -106. List the prime factors of l.
5, 17
Let h be (4/16*3)/(2/(-40)). Let d(s) = -s**2 - 20*s - 19. What are the prime factors of d(h)?
2, 7
Let w = 18 - 17. Suppose w = 4*f - 51. Suppose 9*z = f*z - 92. List the prime factors of z.
23
Let u = 31 + -43. Let l = u - -71. What are the prime factors of l?
59
Let k(m) = m**2 - 2. Let u(b) = -b - 5. Let n be u(-10). What are the prime factors of k(n)?
23
Let o = 84 + -71. Let g = -10 - -3. Let z = o - g. List the prime factors of z.
2, 5
Suppose 3*v - 285 = 99. Suppose 4*l - 368 + v = 0. What are the prime factors of l?